{"id":210,"date":"2024-02-01T10:18:13","date_gmt":"2024-02-01T10:18:13","guid":{"rendered":"https:\/\/www.probool.com\/?page_id=210"},"modified":"2024-09-15T13:32:44","modified_gmt":"2024-09-15T13:32:44","slug":"formacao","status":"publish","type":"page","link":"https:\/\/www.probool.com\/?page_id=210","title":{"rendered":"Forma\u00e7\u00e3o"},"content":{"rendered":"\n<p class=\"has-large-font-size\"><strong>Forma\u00e7\u00e3o<\/strong><\/p>\n\n\n\n<p>A forma\u00e7\u00e3o na Pro BoolNet Software Solutions, Lda. \u00e9 um dos pilares de alavancagem para o sucesso de qualquer organiza\u00e7\u00e3o.<\/p>\n\n\n\n<p>\u00c9 atrav\u00e9s de networking de ideias e conhecimentos t\u00e9cnicos avan\u00e7ados que as organiza\u00e7\u00f5es de hoje conseguem diferenciar-se das demais.<\/p>\n\n\n\n<p>Possu\u00edmos um conjunto vasto de \u00e1reas de forma\u00e7\u00e3o. Muitas das a\u00e7\u00f5es de forma\u00e7\u00e3o s\u00e3o administradas no decorrer da implementa\u00e7\u00e3o do ERP Probool Industrial Management\u00ae.<\/p>\n\n\n\n<p>Algumas das \u00e1reas de interven\u00e7\u00e3o de forma\u00e7\u00e3o s\u00e3o:<\/p>\n\n\n\n<div class=\"wp-block-group is-vertical is-layout-flex wp-container-core-group-is-layout-1 wp-block-group-is-layout-flex\">\n<p>\u00bb LEAN<\/p>\n\n\n\n<p>\u00bb VSM<\/p>\n\n\n\n<p>\u00bb 5S<\/p>\n\n\n\n<p>\u00bb Gest\u00e3o Agil de projetos<\/p>\n\n\n\n<p>\u00bb C\u00e1lculo de custos industriais<\/p>\n\n\n\n<p>\u00bb Reporting e PowerBI<\/p>\n<\/div>\n\n\n\n<p><\/p>\n\n\n\n<p>Se pretende consultar os nossos planos de forma\u00e7\u00e3o industrial, entre em contato connosco, atrav\u00e9s do email: <a href=\"mailto:comercial@probool.com\">comercial@probool.com <\/a>ou atrav\u00e9s do telem\u00f3vel: +351 912 287 090 (Chamada para rede m\u00f3vel nacional)<\/p>\n\n\n\n<p>Poder\u00e1 ainda consultar a lista de todas as ofertas formativas clicando aqui&#8230;<\/p>\n","protected":false},"excerpt":{"rendered":"<p>Forma\u00e7\u00e3o A forma\u00e7\u00e3o na Pro BoolNet Software Solutions, Lda. \u00e9 um dos pilares de alavancagem para o sucesso de qualquer&#8230; <a href=\"https:\/\/www.probool.com\/?page_id=210\">Leia mais&#8230;<\/a><\/p>\n","protected":false},"author":5,"featured_media":211,"parent":32,"menu_order":2,"comment_status":"closed","ping_status":"closed","template":"","meta":{"footnotes":""},"class_list":["post-210","page","type-page","status-publish","has-post-thumbnail","hentry"],"yoast_head":"<!-- This site is optimized with the Yoast SEO plugin v24.5 - https:\/\/yoast.com\/wordpress\/plugins\/seo\/ -->\n<title>Forma\u00e7\u00e3o -<\/title>\n<meta name=\"robots\" content=\"index, follow, max-snippet:-1, max-image-preview:large, max-video-preview:-1\" \/>\n<link rel=\"canonical\" href=\"https:\/\/www.probool.com\/?page_id=210\" \/>\n<meta property=\"og:locale\" content=\"pt_PT\" \/>\n<meta property=\"og:type\" content=\"article\" \/>\n<meta property=\"og:title\" content=\"Forma\u00e7\u00e3o -\" \/>\n<meta property=\"og:description\" content=\"Forma\u00e7\u00e3o A forma\u00e7\u00e3o na Pro BoolNet Software Solutions, Lda. \u00e9 um dos pilares de alavancagem para o sucesso de qualquer... Leia mais...\" \/>\n<meta property=\"og:url\" content=\"https:\/\/www.probool.com\/?page_id=210\" \/>\n<meta property=\"article:publisher\" content=\"https:\/\/www.facebook.com\/proboolnetsoftwaresolutions\/\" \/>\n<meta property=\"article:modified_time\" content=\"2024-09-15T13:32:44+00:00\" \/>\n<meta property=\"og:image\" content=\"https:\/\/www.probool.com\/wp-content\/uploads\/2024\/02\/Formacao.jpg\" \/>\n\t<meta property=\"og:image:width\" content=\"1831\" \/>\n\t<meta property=\"og:image:height\" content=\"1206\" \/>\n\t<meta property=\"og:image:type\" content=\"image\/jpeg\" \/>\n<meta name=\"twitter:card\" content=\"summary_large_image\" \/>\n<meta name=\"twitter:label1\" content=\"Tempo estimado de leitura\" \/>\n\t<meta name=\"twitter:data1\" content=\"1 minuto\" \/>\n<script type=\"application\/ld+json\" class=\"yoast-schema-graph\">{\"@context\":\"https:\/\/schema.org\",\"@graph\":[{\"@type\":\"WebPage\",\"@id\":\"https:\/\/www.probool.com\/?page_id=210\",\"url\":\"https:\/\/www.probool.com\/?page_id=210\",\"name\":\"Forma\u00e7\u00e3o -\",\"isPartOf\":{\"@id\":\"https:\/\/www.probool.com\/#website\"},\"primaryImageOfPage\":{\"@id\":\"https:\/\/www.probool.com\/?page_id=210#primaryimage\"},\"image\":{\"@id\":\"https:\/\/www.probool.com\/?page_id=210#primaryimage\"},\"thumbnailUrl\":\"https:\/\/www.probool.com\/wp-content\/uploads\/2024\/02\/Formacao.jpg\",\"datePublished\":\"2024-02-01T10:18:13+00:00\",\"dateModified\":\"2024-09-15T13:32:44+00:00\",\"breadcrumb\":{\"@id\":\"https:\/\/www.probool.com\/?page_id=210#breadcrumb\"},\"inLanguage\":\"pt-PT\",\"potentialAction\":[{\"@type\":\"ReadAction\",\"target\":[\"https:\/\/www.probool.com\/?page_id=210\"]}]},{\"@type\":\"ImageObject\",\"inLanguage\":\"pt-PT\",\"@id\":\"https:\/\/www.probool.com\/?page_id=210#primaryimage\",\"url\":\"https:\/\/www.probool.com\/wp-content\/uploads\/2024\/02\/Formacao.jpg\",\"contentUrl\":\"https:\/\/www.probool.com\/wp-content\/uploads\/2024\/02\/Formacao.jpg\",\"width\":1831,\"height\":1206},{\"@type\":\"BreadcrumbList\",\"@id\":\"https:\/\/www.probool.com\/?page_id=210#breadcrumb\",\"itemListElement\":[{\"@type\":\"ListItem\",\"position\":1,\"name\":\"In\u00edcio\",\"item\":\"https:\/\/www.probool.com\/\"},{\"@type\":\"ListItem\",\"position\":2,\"name\":\"E.R.P. ProboolIM\u00ae\",\"item\":\"https:\/\/www.probool.com\/?page_id=32\"},{\"@type\":\"ListItem\",\"position\":3,\"name\":\"Forma\u00e7\u00e3o\"}]},{\"@type\":\"WebSite\",\"@id\":\"https:\/\/www.probool.com\/#website\",\"url\":\"https:\/\/www.probool.com\/\",\"name\":\"Probool WebSite\",\"description\":\"\",\"publisher\":{\"@id\":\"https:\/\/www.probool.com\/#organization\"},\"potentialAction\":[{\"@type\":\"SearchAction\",\"target\":{\"@type\":\"EntryPoint\",\"urlTemplate\":\"https:\/\/www.probool.com\/?s={search_term_string}\"},\"query-input\":{\"@type\":\"PropertyValueSpecification\",\"valueRequired\":true,\"valueName\":\"search_term_string\"}}],\"inLanguage\":\"pt-PT\"},{\"@type\":\"Organization\",\"@id\":\"https:\/\/www.probool.com\/#organization\",\"name\":\"Pro BoolNet Software Solutions, Lda.\",\"url\":\"https:\/\/www.probool.com\/\",\"logo\":{\"@type\":\"ImageObject\",\"inLanguage\":\"pt-PT\",\"@id\":\"https:\/\/www.probool.com\/#\/schema\/logo\/image\/\",\"url\":\"https:\/\/www.probool.com\/wp-content\/uploads\/2025\/06\/ProboolWeb.png\",\"contentUrl\":\"https:\/\/www.probool.com\/wp-content\/uploads\/2025\/06\/ProboolWeb.png\",\"width\":480,\"height\":180,\"caption\":\"Pro BoolNet Software Solutions, Lda.\"},\"image\":{\"@id\":\"https:\/\/www.probool.com\/#\/schema\/logo\/image\/\"},\"sameAs\":[\"https:\/\/www.facebook.com\/proboolnetsoftwaresolutions\/\",\"https:\/\/www.linkedin.com\/company\/probool\"]}]}<\/script>\n<!-- \/ Yoast SEO plugin. -->","yoast_head_json":{"title":"Forma\u00e7\u00e3o -","robots":{"index":"index","follow":"follow","max-snippet":"max-snippet:-1","max-image-preview":"max-image-preview:large","max-video-preview":"max-video-preview:-1"},"canonical":"https:\/\/www.probool.com\/?page_id=210","og_locale":"pt_PT","og_type":"article","og_title":"Forma\u00e7\u00e3o -","og_description":"Forma\u00e7\u00e3o A forma\u00e7\u00e3o na Pro BoolNet Software Solutions, Lda. \u00e9 um dos pilares de alavancagem para o sucesso de qualquer... Leia mais...","og_url":"https:\/\/www.probool.com\/?page_id=210","article_publisher":"https:\/\/www.facebook.com\/proboolnetsoftwaresolutions\/","article_modified_time":"2024-09-15T13:32:44+00:00","og_image":[{"width":1831,"height":1206,"url":"https:\/\/www.probool.com\/wp-content\/uploads\/2024\/02\/Formacao.jpg","type":"image\/jpeg"}],"twitter_card":"summary_large_image","twitter_misc":{"Tempo estimado de leitura":"1 minuto"},"schema":{"@context":"https:\/\/schema.org","@graph":[{"@type":"WebPage","@id":"https:\/\/www.probool.com\/?page_id=210","url":"https:\/\/www.probool.com\/?page_id=210","name":"Forma\u00e7\u00e3o -","isPartOf":{"@id":"https:\/\/www.probool.com\/#website"},"primaryImageOfPage":{"@id":"https:\/\/www.probool.com\/?page_id=210#primaryimage"},"image":{"@id":"https:\/\/www.probool.com\/?page_id=210#primaryimage"},"thumbnailUrl":"https:\/\/www.probool.com\/wp-content\/uploads\/2024\/02\/Formacao.jpg","datePublished":"2024-02-01T10:18:13+00:00","dateModified":"2024-09-15T13:32:44+00:00","breadcrumb":{"@id":"https:\/\/www.probool.com\/?page_id=210#breadcrumb"},"inLanguage":"pt-PT","potentialAction":[{"@type":"ReadAction","target":["https:\/\/www.probool.com\/?page_id=210"]}]},{"@type":"ImageObject","inLanguage":"pt-PT","@id":"https:\/\/www.probool.com\/?page_id=210#primaryimage","url":"https:\/\/www.probool.com\/wp-content\/uploads\/2024\/02\/Formacao.jpg","contentUrl":"https:\/\/www.probool.com\/wp-content\/uploads\/2024\/02\/Formacao.jpg","width":1831,"height":1206},{"@type":"BreadcrumbList","@id":"https:\/\/www.probool.com\/?page_id=210#breadcrumb","itemListElement":[{"@type":"ListItem","position":1,"name":"In\u00edcio","item":"https:\/\/www.probool.com\/"},{"@type":"ListItem","position":2,"name":"E.R.P. ProboolIM\u00ae","item":"https:\/\/www.probool.com\/?page_id=32"},{"@type":"ListItem","position":3,"name":"Forma\u00e7\u00e3o"}]},{"@type":"WebSite","@id":"https:\/\/www.probool.com\/#website","url":"https:\/\/www.probool.com\/","name":"Probool WebSite","description":"","publisher":{"@id":"https:\/\/www.probool.com\/#organization"},"potentialAction":[{"@type":"SearchAction","target":{"@type":"EntryPoint","urlTemplate":"https:\/\/www.probool.com\/?s={search_term_string}"},"query-input":{"@type":"PropertyValueSpecification","valueRequired":true,"valueName":"search_term_string"}}],"inLanguage":"pt-PT"},{"@type":"Organization","@id":"https:\/\/www.probool.com\/#organization","name":"Pro BoolNet Software Solutions, Lda.","url":"https:\/\/www.probool.com\/","logo":{"@type":"ImageObject","inLanguage":"pt-PT","@id":"https:\/\/www.probool.com\/#\/schema\/logo\/image\/","url":"https:\/\/www.probool.com\/wp-content\/uploads\/2025\/06\/ProboolWeb.png","contentUrl":"https:\/\/www.probool.com\/wp-content\/uploads\/2025\/06\/ProboolWeb.png","width":480,"height":180,"caption":"Pro BoolNet Software Solutions, Lda."},"image":{"@id":"https:\/\/www.probool.com\/#\/schema\/logo\/image\/"},"sameAs":["https:\/\/www.facebook.com\/proboolnetsoftwaresolutions\/","https:\/\/www.linkedin.com\/company\/probool"]}]}},"_links":{"self":[{"href":"https:\/\/www.probool.com\/index.php?rest_route=\/wp\/v2\/pages\/210"}],"collection":[{"href":"https:\/\/www.probool.com\/index.php?rest_route=\/wp\/v2\/pages"}],"about":[{"href":"https:\/\/www.probool.com\/index.php?rest_route=\/wp\/v2\/types\/page"}],"author":[{"embeddable":true,"href":"https:\/\/www.probool.com\/index.php?rest_route=\/wp\/v2\/users\/5"}],"replies":[{"embeddable":true,"href":"https:\/\/www.probool.com\/index.php?rest_route=%2Fwp%2Fv2%2Fcomments&post=210"}],"version-history":[{"count":6,"href":"https:\/\/www.probool.com\/index.php?rest_route=\/wp\/v2\/pages\/210\/revisions"}],"predecessor-version":[{"id":1076,"href":"https:\/\/www.probool.com\/index.php?rest_route=\/wp\/v2\/pages\/210\/revisions\/1076"}],"up":[{"embeddable":true,"href":"https:\/\/www.probool.com\/index.php?rest_route=\/wp\/v2\/pages\/32"}],"wp:featuredmedia":[{"embeddable":true,"href":"https:\/\/www.probool.com\/index.php?rest_route=\/wp\/v2\/media\/211"}],"wp:attachment":[{"href":"https:\/\/www.probool.com\/index.php?rest_route=%2Fwp%2Fv2%2Fmedia&parent=210"}],"curies":[{"name":"wp","href":"https:\/\/api.w.org\/{rel}","templated":true}]}}